- 260 = -3*a - 2*z, 4*z = a - 82. Suppose a = 9*i + 5. Calculate the greatest common divisor of i and p.
9
Let y(f) = 19*f - 50. Let d be y(3). Suppose -x + u = x - 19, 2*u + 47 = 5*x. Suppose x - 44 = -w. What is the greatest common factor of d and w?
7
Let s = -124 - -69. Suppose 4*x - 3*x = 24. Let a be x/(-20)*s/2. What is the greatest common factor of a and 11?
11
Let n = -20864 + 21260. Let v = -93 - -137. What is the greatest common divisor of v and n?
44
Suppose -24387 + 19086 = 122*p - 66789. Calculate the highest common factor of p and 56.
56
Suppose q = -4*b + 2150, -b + 4*q + 234 + 329 = 0. Calculate the highest common divisor of b and 385.
77
Let k be (-48)/8*15/(-10). What is the highest common factor of 93 and k?
3
Suppose -73*n - 6516 - 9216 = 98*n. Suppose -5*v = -2*v + 3*b - 315, 541 = 5*v - 3*b. Let p = v + n. What is the greatest common factor of p and 165?
15
Let i be ((-5756685)/(-121))/15 - (-9)/33. Calculate the highest common factor of i and 156.
52
Let j = -105 - -108. Suppose s + s = -a + 178, -2*a = j*s - 266. Let z = s + -13. What is the highest common factor of z and 7?
7
Let a(m) = -2*m**2 - 62*m + 314. Let s be a(-34). Calculate the greatest common divisor of 902 and s.
22
Let x be 12*24/(-9)*-4 + 1*-2. Calculate the highest common factor of 182 and x.
14
Let v be (1 + 31)/(-3 + 68/24). Let h = v - -205. Calculate the highest common factor of h and 195.
13
Let t = -4114 - -4191. What is the greatest common factor of t and 550?
11
Let y(l) = 13*l**2 - 2*l + 1. Let p be y(-2). Suppose 5*d - 497 = -p. Calculate the highest common factor of 11 and d.
11
Let f(v) = v**2 + 4*v - 4. Let l be f(0). Let k be (-42 + 45)/(l/((-560)/3)). Let z be 4*(-1)/(-2) - -54. Calculate the greatest common divisor of k and z.
28
Let m = 486 - 181. Suppose 0 = -i - 0*z + 5*z + 135, 5*z - m = -3*i. Let s = -30 + i. What is the greatest common factor of s and 120?
40
Let m be (-235)/(-3) - (-2)/(-6). Let r(n) = n**2 + 766*n - 6962. Let h be r(9). What is the highest common divisor of m and h?
13
Let y = 53 - 75. Let h be 2 - y - (0 + -4)/4. Let x(d) = 2*d**2 + 20*d - 12. Let v be x(-11). What is the highest common factor of v and h?
5
Suppose 0 = 2*j + 5*y - 7*y - 4466, 3*j = -y + 6691. What is the greatest common factor of j and 97?
97
Let f(s) = -s**2 - 52*s + 17. Let m(w) = -4*w**2 - 206*w + 67. Let j(d) = 9*f(d) - 2*m(d). Let h be j(-56). Calculate the highest common factor of h and 855.
19
Suppose -r = 3*b - 9608, 3*r = -3*b - 2*r + 9628. Suppose 13*v - b = 3403. Let c = v - 229. What is the greatest common divisor of c and 31?
31
Let a(n) = -256*n + 10. Let i be a(-1). Let c = 314 - i. Calculate the highest common divisor of c and 6.
6
Let z(i) = 3*i**3 - 18*i**2 + 8*i - 106. Let x be z(8). Calculate the greatest common divisor of x and 486.
18
Let i be -29 - -23 - (-1195 + -2 + 3). What is the greatest common divisor of i and 216?
108
Let n(h) = 4*h**3 - 19*h**2 + 35*h + 45. Let v be n(15). What is the greatest common factor of v and 15?
15
Suppose -329*p + 333*p = 24. Suppose 16*i = -p*i + 594. Calculate the highest common divisor of 99 and i.
9
Let v(w) = w**3 - 7*w**2 - 17*w + 7. Let c be v(9). Suppose -3*t = 4 - c. Let r = 104 + -92. Calculate the greatest common divisor of t and r.
4
Suppose -x + 3*u = 9, 0 = 5*u - 15 - 10. Let k(q) = 40*q - 51. Let d be k(x). What is the greatest common divisor of 54 and d?
27
Suppose -4*n + 7*n = 15, -x + 2*n = -443. Let l be 372/(-620) - (x/(-5) + -1). What is the greatest common divisor of 26 and l?
13
Suppose -s = -3*s + 16. Let i(u) = 5*u**2 + 18*u + 46. Let d be i(-3). Suppose 0 = d*r - 1059 - 421. What is the greatest common divisor of r and s?
8
Suppose -3*v = -w - 30 - 4, -3*v + 46 = 5*w. Suppose -3*l + 3*h = -h - v, -h = -3. Calculate the highest common factor of l and 40.
8
Let l(n) = 32*n**2 - 19*n - 34. Let g = 248 - 250. Let d be l(g). Let p be (4/(-10))/(2/(-60)). What is the greatest common divisor of d and p?
12
Suppose -14963 = -238*t + 21213. Calculate the greatest common divisor of t and 40.
8
Suppose -2*n = n - 3*q + 4131, -2*n + 3*q = 2752. Let v = n + 2004. Calculate the greatest common divisor of v and 25.
25
Suppose 8*g = 13*g + 80. Suppose -1156 - 74 = -3*q. Let f be (q/8)/5 + 4/g. What is the highest common divisor of f and 2?
2
Let r be (11 + -12)*-6 + 148. Suppose n - 3*n + 118 = -5*b, -3*n + 2*b = -155. Let m = r + n. Calculate the greatest common factor of m and 29.
29
Let o be ((-10)/(-30))/((-1)/(-27)). Suppose 24 = -o*m + 10*m. Suppose 0 = -15*k + 11*k + m. What is the greatest common factor of k and 6?
6
Let a be 166/34 + 17*(-6)/(-867). Suppose 3*w = a*z - 1384, -z = 2*w + 127 - 396. Calculate the highest common divisor of 11 and z.
11
Let a(z) = -599*z - 1398. Let v be a(-3). Calculate the highest common divisor of v and 168.
21
Suppose 63*c - 6912 = 38*c - 71*c. Calculate the highest common divisor of c and 360.
72
Suppose 0 = 4*g + 36, r + 722*g - 720*g = 1126. What is the greatest common factor of 231 and r?
11
Let b be ((-64)/14)/(10/(-350)). What is the greatest common divisor of 848 and b?
16
Let d(g) = -109*g + 31*g + 27*g + g**3 - 8*g**2 + 32*g + 16 + 25*g. Let u = 8 - 1. Let h be d(u). Calculate the greatest common divisor of 81 and h.
9
Suppose -3*d + 53 = t, 39 + 25 = 4*d + 3*t. Suppose -d*v - 169 = -2753. What is the greatest common divisor of v and 24?
8
Let c = -2299 - -2355. What is the highest common factor of c and 184?
8
Let w(f) = 153*f - 14169. Let b be w(93). What is the greatest common divisor of b and 8520?
60
Let k be 3/7*-13 - 880/(-1540) - -328. What is the greatest common divisor of 85 and k?
17
Suppose 2*q = -4 + 8. Let f be 2 - (4/q - 113). Suppose -4*i + 303 = -f. What is the highest common factor of 13 and i?
13
Suppose 3*t - 2915 = 5*z + 5*t, 2*t = 5*z + 2895. Let n = z + 630. Calculate the greatest common factor of 98 and n.
49
Let t be (-71334)/(-8) - ((-423)/940 - 1/(-5)). What is the highest common factor of 37 and t?
37
Suppose 2*i + 0*q - 8 = 2*q, 5*i - 21 = 4*q. Let m be -2 - (-8 + -17*(-5 + 7)). What is the greatest common divisor of i and m?
5
Suppose -8*w + 14*w + 30 = 0, 4*c + 4*w = 5128. What is the greatest common factor of 1053 and c?
117
Let v = -187 + 190. Suppose -9 = 3*f, 2*f + 477 = 5*n - 249. What is the greatest common factor of n and v?
3
Let o(a) = 55*a + 4 - 106*a + 55*a + 32. Let s be o(3). Let k be -3*(2 - 66/9). What is the greatest common factor of s and k?
16
Suppose 30 + 158 = 2*k + 5*i, -2*k + 228 = -5*i. Suppose -9*y - 288 + 63 = 0. Let s = 51 + y. Calculate the greatest common divisor of s and k.
26
Suppose 34*u - 11729 + 237 = 0. What is the greatest common divisor of 494 and u?
26
Suppose 6 = 16*l - 13*l. Suppose 5*i - 4*q = -0*q + 59, 46 = 4*i - l*q. Calculate the greatest common divisor of i and 11.
11
Let i(o) be the third derivative of -11*o**4/6 - o**3 + 157*o**2. Let z be i(-1). Calculate the highest common factor of z and 2.
2
Let l(b) = -3*b**2 - 93*b - 48. Let c(g) = 2*g**2 - 17*g. Let w be c(6). Let z be l(w). Calculate the greatest common factor of z and 357.
21
Suppose 0*a = -5*r - 3*a + 104, -5*r + 2*a = -89. Suppose 347 = 3*n - 964. Calculate the greatest common factor of r and n.
19
Suppose 132 = 4*r + 4*m, -m + 209 - 32 = 5*r. Calculate the greatest common factor of r and 1476.
36
Suppose 15 = 5*f - 5*u, -2*u - 18 = -2*f - 2*f. Suppose -f*z + 39 - 27 = 0. Calculate the greatest common divisor of 11 and z.
1
Suppose 30*n - 25*n = 5*u - 17540, 0 = 4*u - n - 14038. What is the highest common divisor of 2970 and u?
270
Suppose 5*i = 5*m + 1125, 3*m - 900 = 3*i - 7*i. Calculate the highest common divisor of 1080 and i.
45
Let x be (-2)/(-7) + 271/7. Suppose -13*a = -x - 52. Calculate the highest common divisor of a and 77.
7
Suppose -2*y - 35 = 5*o - 147, 4*y = -o + 8. Let i be 10/(-3)*(5 - 98/10). Calculate the greatest common divisor of i and o.
8
Suppose 25*n - 20*n = 40. Let x be n/(-2) - (3 + (0 - 27)). Let s be -11 - -14 - -1*x. What is the highest common divisor of s and 23?
23
Suppose 0 = -14*d + 4*d + 100. Let i(q) = -2*q**2 + 21*q + 5. Let s be i(d). What is the highest common divisor of 15 and s?
15
Let j = -199 + 514. Suppose -4*d = -d - j. Suppose 5*w - 21 = 4*w